{"id":1366,"date":"2024-01-19T20:17:21","date_gmt":"2024-01-19T20:17:21","guid":{"rendered":"https:\/\/thaimassage-kessenich.be\/?page_id=1366"},"modified":"2024-01-21T16:41:55","modified_gmt":"2024-01-21T16:41:55","slug":"sport-massage","status":"publish","type":"page","link":"https:\/\/thaimassage-kessenich.be\/index.php\/deutsch\/behandlungen\/sport-massage\/","title":{"rendered":"Sport-Massage="},"content":{"rendered":"<div id=\"metaslider-id-537\" style=\"width: 100%; margin: 0 auto;\" class=\"ml-slider-3-107-0 metaslider metaslider-flex metaslider-537 ml-slider has-carousel-mode ms-theme-default nav-hidden\" role=\"region\" aria-label=\"Sportsmassage\" data-height=\"400\" data-width=\"750\">\n    <div id=\"metaslider_container_537\">\n        <div id=\"metaslider_537\">\n            <ul class='slides'>\n                <li style=\"display: none; width: 100%;\" class=\"slide-540 ms-image \" aria-roledescription=\"slide\" data-date=\"2023-12-21 20:54:44\" data-filename=\"S__3309579_0-420x224.jpg\" data-slide-type=\"image\"><img loading=\"lazy\" decoding=\"async\" src=\"https:\/\/thaimassage-kessenich.be\/wp-content\/uploads\/2023\/12\/S__3309579_0-420x224.jpg\" height=\"400\" width=\"750\" alt=\"\" class=\"slider-537 slide-540 msDefaultImage\" title=\"S__3309579_0\" \/><\/li>\n                <li style=\"display: none; width: 100%;\" class=\"slide-539 ms-image \" aria-roledescription=\"slide\" data-date=\"2023-12-21 20:54:36\" data-filename=\"S__3309575_0-337x179.jpg\" data-slide-type=\"image\"><img loading=\"lazy\" decoding=\"async\" src=\"https:\/\/thaimassage-kessenich.be\/wp-content\/uploads\/2023\/12\/S__3309575_0-337x179.jpg\" height=\"400\" width=\"750\" alt=\"\" class=\"slider-537 slide-539 msDefaultImage\" title=\"S__3309575_0\" \/><\/li>\n                <li style=\"display: none; width: 100%;\" class=\"slide-538 ms-image \" aria-roledescription=\"slide\" data-date=\"2023-12-21 20:54:17\" data-filename=\"S__3309572_0-420x224.jpg\" data-slide-type=\"image\"><img loading=\"lazy\" decoding=\"async\" src=\"https:\/\/thaimassage-kessenich.be\/wp-content\/uploads\/2023\/12\/S__3309572_0-420x224.jpg\" height=\"400\" width=\"750\" alt=\"\" class=\"slider-537 slide-538 msDefaultImage\" title=\"S__3309572_0\" \/><\/li>\n                <li style=\"display: none; width: 100%;\" class=\"slide-542 ms-image \" aria-roledescription=\"slide\" data-date=\"2023-12-21 20:55:05\" data-filename=\"S__3309573_0-420x224.jpg\" data-slide-type=\"image\"><img loading=\"lazy\" decoding=\"async\" src=\"https:\/\/thaimassage-kessenich.be\/wp-content\/uploads\/2023\/12\/S__3309573_0-420x224.jpg\" height=\"400\" width=\"750\" alt=\"\" class=\"slider-537 slide-542 msDefaultImage\" title=\"S__3309573_0\" \/><\/li>\n                <li style=\"display: none; width: 100%;\" class=\"slide-541 ms-image \" aria-roledescription=\"slide\" data-date=\"2023-12-21 20:54:53\" data-filename=\"S__3309574_0-420x224.jpg\" data-slide-type=\"image\"><img loading=\"lazy\" decoding=\"async\" src=\"https:\/\/thaimassage-kessenich.be\/wp-content\/uploads\/2023\/12\/S__3309574_0-420x224.jpg\" height=\"400\" width=\"750\" alt=\"\" class=\"slider-537 slide-541 msDefaultImage\" title=\"S__3309574_0\" \/><\/li>\n                <li style=\"display: none; width: 100%;\" class=\"slide-543 ms-image \" aria-roledescription=\"slide\" data-date=\"2023-12-21 20:56:17\" data-filename=\"S__3309570_0-420x224.jpg\" data-slide-type=\"image\"><img loading=\"lazy\" decoding=\"async\" src=\"https:\/\/thaimassage-kessenich.be\/wp-content\/uploads\/2023\/12\/S__3309570_0-420x224.jpg\" height=\"400\" width=\"750\" alt=\"\" class=\"slider-537 slide-543 msDefaultImage\" title=\"S__3309570_0\" \/><\/li>\n                <li style=\"display: none; width: 100%;\" class=\"slide-544 ms-image \" aria-roledescription=\"slide\" data-date=\"2023-12-21 20:56:52\" data-filename=\"S__3309576_0-420x224.jpg\" data-slide-type=\"image\"><img loading=\"lazy\" decoding=\"async\" src=\"https:\/\/thaimassage-kessenich.be\/wp-content\/uploads\/2023\/12\/S__3309576_0-420x224.jpg\" height=\"400\" width=\"750\" alt=\"\" class=\"slider-537 slide-544 msDefaultImage\" title=\"S__3309576_0\" \/><\/li>\n            <\/ul>\n        <\/div>\n        \n    <\/div>\n<\/div>\n<p>Sportmassage ist eine Art der Massage, die bei Sportlern aller Trainingsstufen eingesetzt wird, vom Wochenend-Krieger bis hin zu professionellen Sportteams. Personen, die Sportmassagen durchf\u00fchren, k\u00f6nnen professionelle Massagetherapeuten sein, oder einige Sporttrainer k\u00f6nnen auch Sportmassagen durchf\u00fchren, wenn dies in ihrer staatlichen Lizenzierung erlaubt ist. Die Sportmassage wurde urspr\u00fcnglich entwickelt, um Athleten dabei zu helfen, ihren K\u00f6rper auf eine optimale Leistungsf\u00e4higkeit vorzubereiten, sich nach einem gro\u00dfen Ereignis zu erholen oder im Rahmen der Ausbildung richtig zu funktionieren. Der Schwerpunkt der Sportmassage liegt auf der Vorbeugung und Heilung von Verletzungen der Muskeln und Sehnen. Die Sportmassage ist sehr hilfreich f\u00fcr Menschen, die unter Verletzungen, chronischen Schmerzen oder eingeschr\u00e4nkter Bewegungsfreiheit leiden.<\/p>\n<p>Die Sportmassage ist eine Art schwedische Massage, die die Zirkulation von Blut und Lymphfl\u00fcssigkeit anregt. Der Hauptzweck der Sportmassagetherapie besteht darin, den Stress und die Spannungen abzubauen, die sich bei k\u00f6rperlicher Aktivit\u00e4t in den Weichteilen des K\u00f6rpers aufbauen. Bei kleineren Verletzungen und L\u00e4sionen, die durch \u00dcberanstrengung und\/oder \u00dcberbeanspruchung entstanden sind, kann die Massage schnell und wirksam Abhilfe schaffen. Die Massage tr\u00e4gt dazu bei, den Sportler auf H\u00f6chstleistungen vorzubereiten, M\u00fcdigkeit abzubauen, Schwellungen zu lindern, Muskelverspannungen zu reduzieren, die Beweglichkeit zu f\u00f6rdern und Verletzungen vorzubeugen. Die Sportmassage kann dazu beitragen, die l\u00e4stigen Verletzungen zu vermeiden, die der Leistung und dem Erfolg so oft im Wege stehen, unabh\u00e4ngig davon, ob es sich um einen Sportler oder um eine Person handelt, die nur einmal pro Woche joggen geht.<\/p>\n<p>Die Sportmassage hat viele Vorteile: Sie senkt die Herzfrequenz und den Blutdruck, erh\u00f6ht die Blutzirkulation und den Lymphfluss, reduziert Muskelverspannungen, verbessert die Flexibilit\u00e4t und lindert Schmerzen. Jede Sportart und jedes sportliche Ereignis beansprucht die Muskelgruppen auf unterschiedliche Weise. Die Sportmassage kann auch Techniken f\u00fcr die Zeit vor und nach der Veranstaltung sowie zur Aufrechterhaltung der sportlichen Ausdauer und Leistung umfassen, die das Verletzungsrisiko verringern und die Erholungszeit verk\u00fcrzen.<\/p>\n<p><strong>Direkte Links zu den anderen Seiten der Behandlungen :<\/strong><\/p>\n<ul>\n<li><a href=\"https:\/\/thaimassage-kessenich.be\/index.php\/deutsch\/behandlungen\/aloe-vera-massage\/\">Aloe-Vera-Massage<\/a><\/li>\n<li><a href=\"https:\/\/thaimassage-kessenich.be\/index.php\/deutsch\/behandlungen\/aromatherapie-olmassage\/\">Aromatherapie-\u00d6l-Massage<\/a><\/li>\n<li><a href=\"https:\/\/thaimassage-kessenich.be\/index.php\/deutsch\/behandlungen\/kokosnussol-massage\/\">Kokosnuss-\u00d6l-Massage<\/a><\/li>\n<li><a href=\"https:\/\/thaimassage-kessenich.be\/index.php\/deutsch\/behandlungen\/heisol-massage\/\">Hei\u00dfe \u00d6lmassage<\/a><\/li>\n<li><a href=\"https:\/\/thaimassage-kessenich.be\/index.php\/deutsch\/behandlungen\/hot-stone-massage\/\">Hot-Stone-Massage<\/a><\/li>\n<li><a href=\"https:\/\/thaimassage-kessenich.be\/index.php\/deutsch\/behandlungen\/krauterstempel-massage\/\">Kr\u00e4uterstempel-Massage<\/a><\/li>\n<li><a href=\"https:\/\/thaimassage-kessenich.be\/index.php\/deutsch\/behandlungen\/ol-massage\/\">\u00d6l-Massage<\/a><\/li>\n<li><a href=\"https:\/\/thaimassage-kessenich.be\/index.php\/deutsch\/behandlungen\/fusreflexzonenmassage\/\">Fu\u00dfreflexzonenmassage<\/a><\/li>\n<li><a href=\"https:\/\/thaimassage-kessenich.be\/index.php\/deutsch\/behandlungen\/sport-massage\/\">Sportmassage<\/a><\/li>\n<li><a href=\"https:\/\/thaimassage-kessenich.be\/index.php\/deutsch\/behandlungen\/thai-krieger-massage\/\">Thai-Krieger-Massage<\/a><\/li>\n<li><a href=\"https:\/\/thaimassage-kessenich.be\/index.php\/deutsch\/behandlungen\/traditionelle-thai-massage\/\">Traditionelle Thai-Massage<\/a><\/li>\n<\/ul>\n","protected":false},"excerpt":{"rendered":"<p>Sportmassage ist eine Art der Massage, die bei Sportlern aller Trainingsstufen eingesetzt wird, vom Wochenend-Krieger bis hin zu professionellen Sportteams. Personen, die Sportmassagen durchf\u00fchren, k\u00f6nnen professionelle Massagetherapeuten sein, oder einige Sporttrainer k\u00f6nnen auch Sportmassagen durchf\u00fchren, wenn dies in ihrer staatlichen Lizenzierung erlaubt ist. Die Sportmassage wurde urspr\u00fcnglich entwickelt, um Athleten dabei zu helfen, ihren K\u00f6rper [&hellip;]<\/p>\n","protected":false},"author":1,"featured_media":0,"parent":1324,"menu_order":0,"comment_status":"closed","ping_status":"closed","template":"","meta":{"_kadence_starter_templates_imported_post":false,"footnotes":""},"class_list":["post-1366","page","type-page","status-publish","hentry"],"yoast_head":"<!-- This site is optimized with the Yoast SEO plugin v27.2 - https:\/\/yoast.com\/product\/yoast-seo-wordpress\/ -->\n<title>Sport-Massage= - Thai Massage Kessenich - TMK<\/title>\n<meta name=\"robots\" content=\"index, follow, max-snippet:-1, max-image-preview:large, max-video-preview:-1\" \/>\n<link rel=\"canonical\" href=\"https:\/\/thaimassage-kessenich.be\/index.php\/deutsch\/behandlungen\/sport-massage\/\" \/>\n<meta property=\"og:locale\" content=\"en_US\" \/>\n<meta property=\"og:type\" content=\"article\" \/>\n<meta property=\"og:title\" content=\"Sport-Massage= - Thai Massage Kessenich - TMK\" \/>\n<meta property=\"og:description\" content=\"Sportmassage ist eine Art der Massage, die bei Sportlern aller Trainingsstufen eingesetzt wird, vom Wochenend-Krieger bis hin zu professionellen Sportteams. Personen, die Sportmassagen durchf\u00fchren, k\u00f6nnen professionelle Massagetherapeuten sein, oder einige Sporttrainer k\u00f6nnen auch Sportmassagen durchf\u00fchren, wenn dies in ihrer staatlichen Lizenzierung erlaubt ist. Die Sportmassage wurde urspr\u00fcnglich entwickelt, um Athleten dabei zu helfen, ihren K\u00f6rper [&hellip;]\" \/>\n<meta property=\"og:url\" content=\"https:\/\/thaimassage-kessenich.be\/index.php\/deutsch\/behandlungen\/sport-massage\/\" \/>\n<meta property=\"og:site_name\" content=\"Thai Massage Kessenich - TMK\" \/>\n<meta property=\"article:modified_time\" content=\"2024-01-21T16:41:55+00:00\" \/>\n<meta name=\"twitter:card\" content=\"summary_large_image\" \/>\n<meta name=\"twitter:label1\" content=\"Est. reading time\" \/>\n\t<meta name=\"twitter:data1\" content=\"2 minutes\" \/>\n<script type=\"application\/ld+json\" class=\"yoast-schema-graph\">{\"@context\":\"https:\/\/schema.org\",\"@graph\":[{\"@type\":\"WebPage\",\"@id\":\"https:\/\/thaimassage-kessenich.be\/index.php\/deutsch\/behandlungen\/sport-massage\/\",\"url\":\"https:\/\/thaimassage-kessenich.be\/index.php\/deutsch\/behandlungen\/sport-massage\/\",\"name\":\"Sport-Massage= - Thai Massage Kessenich - TMK\",\"isPartOf\":{\"@id\":\"https:\/\/thaimassage-kessenich.be\/#website\"},\"datePublished\":\"2024-01-19T20:17:21+00:00\",\"dateModified\":\"2024-01-21T16:41:55+00:00\",\"breadcrumb\":{\"@id\":\"https:\/\/thaimassage-kessenich.be\/index.php\/deutsch\/behandlungen\/sport-massage\/#breadcrumb\"},\"inLanguage\":\"en-US\",\"potentialAction\":[{\"@type\":\"ReadAction\",\"target\":[\"https:\/\/thaimassage-kessenich.be\/index.php\/deutsch\/behandlungen\/sport-massage\/\"]}]},{\"@type\":\"BreadcrumbList\",\"@id\":\"https:\/\/thaimassage-kessenich.be\/index.php\/deutsch\/behandlungen\/sport-massage\/#breadcrumb\",\"itemListElement\":[{\"@type\":\"ListItem\",\"position\":1,\"name\":\"Home\",\"item\":\"https:\/\/thaimassage-kessenich.be\/\"},{\"@type\":\"ListItem\",\"position\":2,\"name\":\"DEUTSCH\",\"item\":\"https:\/\/thaimassage-kessenich.be\/index.php\/deutsch\/\"},{\"@type\":\"ListItem\",\"position\":3,\"name\":\"Behandlungen=\",\"item\":\"https:\/\/thaimassage-kessenich.be\/index.php\/deutsch\/behandlungen\/\"},{\"@type\":\"ListItem\",\"position\":4,\"name\":\"Sport-Massage=\"}]},{\"@type\":\"WebSite\",\"@id\":\"https:\/\/thaimassage-kessenich.be\/#website\",\"url\":\"https:\/\/thaimassage-kessenich.be\/\",\"name\":\"Thai Massage Kessenich - TMK\",\"description\":\"Ontspannende en helende massages\",\"publisher\":{\"@id\":\"https:\/\/thaimassage-kessenich.be\/#organization\"},\"potentialAction\":[{\"@type\":\"SearchAction\",\"target\":{\"@type\":\"EntryPoint\",\"urlTemplate\":\"https:\/\/thaimassage-kessenich.be\/?s={search_term_string}\"},\"query-input\":{\"@type\":\"PropertyValueSpecification\",\"valueRequired\":true,\"valueName\":\"search_term_string\"}}],\"inLanguage\":\"en-US\"},{\"@type\":\"Organization\",\"@id\":\"https:\/\/thaimassage-kessenich.be\/#organization\",\"name\":\"Thai Massage Kessenich - TMK\",\"url\":\"https:\/\/thaimassage-kessenich.be\/\",\"logo\":{\"@type\":\"ImageObject\",\"inLanguage\":\"en-US\",\"@id\":\"https:\/\/thaimassage-kessenich.be\/#\/schema\/logo\/image\/\",\"url\":\"https:\/\/thaimassage-kessenich.be\/wp-content\/uploads\/2024\/01\/2024-01-09-TMK-logo-final-zw-copy-512x512-1.png\",\"contentUrl\":\"https:\/\/thaimassage-kessenich.be\/wp-content\/uploads\/2024\/01\/2024-01-09-TMK-logo-final-zw-copy-512x512-1.png\",\"width\":512,\"height\":511,\"caption\":\"Thai Massage Kessenich - TMK\"},\"image\":{\"@id\":\"https:\/\/thaimassage-kessenich.be\/#\/schema\/logo\/image\/\"}}]}<\/script>\n<!-- \/ Yoast SEO plugin. -->","yoast_head_json":{"title":"Sport-Massage= - Thai Massage Kessenich - TMK","robots":{"index":"index","follow":"follow","max-snippet":"max-snippet:-1","max-image-preview":"max-image-preview:large","max-video-preview":"max-video-preview:-1"},"canonical":"https:\/\/thaimassage-kessenich.be\/index.php\/deutsch\/behandlungen\/sport-massage\/","og_locale":"en_US","og_type":"article","og_title":"Sport-Massage= - Thai Massage Kessenich - TMK","og_description":"Sportmassage ist eine Art der Massage, die bei Sportlern aller Trainingsstufen eingesetzt wird, vom Wochenend-Krieger bis hin zu professionellen Sportteams. Personen, die Sportmassagen durchf\u00fchren, k\u00f6nnen professionelle Massagetherapeuten sein, oder einige Sporttrainer k\u00f6nnen auch Sportmassagen durchf\u00fchren, wenn dies in ihrer staatlichen Lizenzierung erlaubt ist. Die Sportmassage wurde urspr\u00fcnglich entwickelt, um Athleten dabei zu helfen, ihren K\u00f6rper [&hellip;]","og_url":"https:\/\/thaimassage-kessenich.be\/index.php\/deutsch\/behandlungen\/sport-massage\/","og_site_name":"Thai Massage Kessenich - TMK","article_modified_time":"2024-01-21T16:41:55+00:00","twitter_card":"summary_large_image","twitter_misc":{"Est. reading time":"2 minutes"},"schema":{"@context":"https:\/\/schema.org","@graph":[{"@type":"WebPage","@id":"https:\/\/thaimassage-kessenich.be\/index.php\/deutsch\/behandlungen\/sport-massage\/","url":"https:\/\/thaimassage-kessenich.be\/index.php\/deutsch\/behandlungen\/sport-massage\/","name":"Sport-Massage= - Thai Massage Kessenich - TMK","isPartOf":{"@id":"https:\/\/thaimassage-kessenich.be\/#website"},"datePublished":"2024-01-19T20:17:21+00:00","dateModified":"2024-01-21T16:41:55+00:00","breadcrumb":{"@id":"https:\/\/thaimassage-kessenich.be\/index.php\/deutsch\/behandlungen\/sport-massage\/#breadcrumb"},"inLanguage":"en-US","potentialAction":[{"@type":"ReadAction","target":["https:\/\/thaimassage-kessenich.be\/index.php\/deutsch\/behandlungen\/sport-massage\/"]}]},{"@type":"BreadcrumbList","@id":"https:\/\/thaimassage-kessenich.be\/index.php\/deutsch\/behandlungen\/sport-massage\/#breadcrumb","itemListElement":[{"@type":"ListItem","position":1,"name":"Home","item":"https:\/\/thaimassage-kessenich.be\/"},{"@type":"ListItem","position":2,"name":"DEUTSCH","item":"https:\/\/thaimassage-kessenich.be\/index.php\/deutsch\/"},{"@type":"ListItem","position":3,"name":"Behandlungen=","item":"https:\/\/thaimassage-kessenich.be\/index.php\/deutsch\/behandlungen\/"},{"@type":"ListItem","position":4,"name":"Sport-Massage="}]},{"@type":"WebSite","@id":"https:\/\/thaimassage-kessenich.be\/#website","url":"https:\/\/thaimassage-kessenich.be\/","name":"Thai Massage Kessenich - TMK","description":"Ontspannende en helende massages","publisher":{"@id":"https:\/\/thaimassage-kessenich.be\/#organization"},"potentialAction":[{"@type":"SearchAction","target":{"@type":"EntryPoint","urlTemplate":"https:\/\/thaimassage-kessenich.be\/?s={search_term_string}"},"query-input":{"@type":"PropertyValueSpecification","valueRequired":true,"valueName":"search_term_string"}}],"inLanguage":"en-US"},{"@type":"Organization","@id":"https:\/\/thaimassage-kessenich.be\/#organization","name":"Thai Massage Kessenich - TMK","url":"https:\/\/thaimassage-kessenich.be\/","logo":{"@type":"ImageObject","inLanguage":"en-US","@id":"https:\/\/thaimassage-kessenich.be\/#\/schema\/logo\/image\/","url":"https:\/\/thaimassage-kessenich.be\/wp-content\/uploads\/2024\/01\/2024-01-09-TMK-logo-final-zw-copy-512x512-1.png","contentUrl":"https:\/\/thaimassage-kessenich.be\/wp-content\/uploads\/2024\/01\/2024-01-09-TMK-logo-final-zw-copy-512x512-1.png","width":512,"height":511,"caption":"Thai Massage Kessenich - TMK"},"image":{"@id":"https:\/\/thaimassage-kessenich.be\/#\/schema\/logo\/image\/"}}]}},"_links":{"self":[{"href":"https:\/\/thaimassage-kessenich.be\/index.php\/wp-json\/wp\/v2\/pages\/1366","targetHints":{"allow":["GET"]}}],"collection":[{"href":"https:\/\/thaimassage-kessenich.be\/index.php\/wp-json\/wp\/v2\/pages"}],"about":[{"href":"https:\/\/thaimassage-kessenich.be\/index.php\/wp-json\/wp\/v2\/types\/page"}],"author":[{"embeddable":true,"href":"https:\/\/thaimassage-kessenich.be\/index.php\/wp-json\/wp\/v2\/users\/1"}],"replies":[{"embeddable":true,"href":"https:\/\/thaimassage-kessenich.be\/index.php\/wp-json\/wp\/v2\/comments?post=1366"}],"version-history":[{"count":3,"href":"https:\/\/thaimassage-kessenich.be\/index.php\/wp-json\/wp\/v2\/pages\/1366\/revisions"}],"predecessor-version":[{"id":1492,"href":"https:\/\/thaimassage-kessenich.be\/index.php\/wp-json\/wp\/v2\/pages\/1366\/revisions\/1492"}],"up":[{"embeddable":true,"href":"https:\/\/thaimassage-kessenich.be\/index.php\/wp-json\/wp\/v2\/pages\/1324"}],"wp:attachment":[{"href":"https:\/\/thaimassage-kessenich.be\/index.php\/wp-json\/wp\/v2\/media?parent=1366"}],"curies":[{"name":"wp","href":"https:\/\/api.w.org\/{rel}","templated":true}]}}